{"id":29,"date":"2014-10-19T10:40:14","date_gmt":"2014-10-19T10:40:14","guid":{"rendered":"http:\/\/customerfocusconsulting.com\/?page_id=29"},"modified":"2023-04-13T13:23:32","modified_gmt":"2023-04-13T13:23:32","slug":"who-we-are","status":"publish","type":"page","link":"https:\/\/customerfocusconsulting.com\/","title":{"rendered":"Qui sommes-nous"},"content":{"rendered":"<p>Customer Focus Consulting est un cabinet de Conseil en Exp\u00e9rience, Satisfaction et Centricit\u00e9 Client cr\u00e9\u00e9 en 2014.<\/p>\n<p>Notre mission est de vous aider \u00e0 <strong>mettre le client au c\u0153ur de votre entreprise et d&rsquo;en faire un levier de performance majeur.<\/strong><\/p>\n<p>Notre particularit\u00e9 est que chacun de nos consultants a une exp\u00e9rience acquise dans la vraie vie de l\u2019entreprise, doubl\u00e9e d\u2019un savoir-faire en conseil op\u00e9rationnel.\u00a0<\/p>\n<p>Nous intervenons pour tout type d&rsquo;entreprise, en B2C bien s\u00fbr, mais \u00e9galement en B2B, o\u00f9 nous avons cr\u00e9\u00e9 avec Engie E&amp;C le Club de l&rsquo;Excellence Client Time2ShareCx.<\/p>\n\n\n<p><\/p>\n","protected":false},"excerpt":{"rendered":"<p>Customer Focus Consulting est un cabinet de Conseil en Exp\u00e9rience, Satisfaction et Centricit\u00e9 Client cr\u00e9\u00e9 en 2014. Notre mission est de vous aider \u00e0 mettre le client au c\u0153ur de votre entreprise et d&rsquo;en faire un levier de performance majeur. Notre particularit\u00e9 est que chacun de nos consultants a une &hellip;<\/p>\n","protected":false},"author":1,"featured_media":0,"parent":0,"menu_order":0,"comment_status":"closed","ping_status":"closed","template":"","meta":{"_mi_skip_tracking":false},"_links":{"self":[{"href":"https:\/\/customerfocusconsulting.com\/index.php?rest_route=\/wp\/v2\/pages\/29"}],"collection":[{"href":"https:\/\/customerfocusconsulting.com\/index.php?rest_route=\/wp\/v2\/pages"}],"about":[{"href":"https:\/\/customerfocusconsulting.com\/index.php?rest_route=\/wp\/v2\/types\/page"}],"author":[{"embeddable":true,"href":"https:\/\/customerfocusconsulting.com\/index.php?rest_route=\/wp\/v2\/users\/1"}],"replies":[{"embeddable":true,"href":"https:\/\/customerfocusconsulting.com\/index.php?rest_route=%2Fwp%2Fv2%2Fcomments&post=29"}],"version-history":[{"count":70,"href":"https:\/\/customerfocusconsulting.com\/index.php?rest_route=\/wp\/v2\/pages\/29\/revisions"}],"predecessor-version":[{"id":1161,"href":"https:\/\/customerfocusconsulting.com\/index.php?rest_route=\/wp\/v2\/pages\/29\/revisions\/1161"}],"wp:attachment":[{"href":"https:\/\/customerfocusconsulting.com\/index.php?rest_route=%2Fwp%2Fv2%2Fmedia&parent=29"}],"curies":[{"name":"wp","href":"https:\/\/api.w.org\/{rel}","templated":true}]}}